1. List the prime factors of h.
191
Let j(v) = 29*v + 16. Let w be j(-9). Let g = -104 - w. List the prime factors of g.
3, 47
Suppose 4*m + 5*x - 1130 = 0, -25*m + 21*m - 2*x = -1124. List the prime factors of m.
2, 5, 7
Suppose 5*v + 10 = 7*v. Let w = 20 - v. List the prime factors of w.
3, 5
Let o = -11 + 13. Suppose o = -5*m + 6*m. Suppose 3*x - 2*v - 63 = 0, -2*x + m*v = -0 - 40. List the prime factors of x.
23
Suppose 6*a - 16368 = -10*a. What are the prime factors of a?
3, 11, 31
Suppose z + 4 = 2*z. Let l be -19*(z/2 - -1). Let k = -18 - l. What are the prime factors of k?
3, 13
Let m(b) = -b**3 - 18*b**2 + b + 20. Let o be m(-18). Suppose o*s - 158 - 62 = 0. What are the prime factors of s?
2, 5, 11
Suppose -k + 5*v + 2124 - 450 = 0, k - 1678 = 4*v. What are the prime factors of k?
2, 7, 11
Let o = 100 - 14. List the prime factors of o.
2, 43
Suppose -4*i + 2*t + 2 + 2 = 0, 4*i + 2*t = -12. Let a be i*(3 + -4) + 3. Suppose -a*h + 52 = -0*h. What are the prime factors of h?
13
Suppose 0 = -j - j - 14. Let n be -1 - j/((-14)/(-380)). Suppose -5*s + 2*m + 154 = 0, 2*m - n = -4*s - 73. What are the prime factors of s?
2, 3, 5
Let w = -3626 + 8887. List the prime factors of w.
5261
Suppose -5*b = -5*x - 4970, 3*b + 3*x = -407 + 3419. What are the prime factors of b?
3, 37
Let y(v) = -131*v - 315. What are the prime factors of y(-4)?
11, 19
Suppose 0 = 4*g - 80*k + 84*k - 6944, 2*g - 4*k - 3502 = 0. List the prime factors of g.
1741
Let v(w) be the second derivative of -w**5/20 - 2*w**4/3 - 4*w**3/3 - 5*w**2/2 + 4*w. Let h be v(-5). List the prime factors of (-3)/(-1) - 3 - h.
2, 5
Suppose -282*y = -285*y + 2769. What are the prime factors of y?
13, 71
Suppose -3*r - 71 = -1727. What are the prime factors of r?
2, 3, 23
What are the prime factors of ((-4779)/(-236))/(-1*1/(-24))?
2, 3
What are the prime factors of 2/10 - 819/(-105) - -5153?
13, 397
Let d be (2 + -3)*-1 - -183. Suppose y - 87 = -6*r + 5*r, -d = -2*r + 3*y. List the prime factors of r.
89
What are the prime factors of 6*(-8082)/108*(-4 + -1)?
5, 449
Let o be (-329)/(-42) - 1/(-6). Let t(i) = 6*i**2 - 4*i - 11. Let s(z) = 7*z**2 - 4*z - 12. Let c(h) = -5*s(h) + 6*t(h). What are the prime factors of c(o)?
2, 13
Let r(h) = -h + 13. Let p be r(3). List the prime factors of (-1375)/p*(-8)/10.
2, 5, 11
Let a be (-132)/(-24)*((2 - -6) + -2). Let o = a + -22. What are the prime factors of o?
11
List the prime factors of 2382 - ((-2)/(-8) - (-559)/(-172)).
3, 5, 53
What are the prime factors of -7 - ((-5844)/(-9))/((-18)/81)?
5, 11, 53
Let q(m) = -m**3 - 7*m**2 + 4. Let c be 2/12*2*-21. Let z be q(c). Suppose d + x = 6*d - 96, 0 = 4*x + z. What are the prime factors of d?
19
Let z(k) be the first derivative of 5*k**3/3 + k**2/2 - k + 10. Suppose 3*y - 6 + 3 = 0. List the prime factors of z(y).
5
Let x = 35 + -44. List the prime factors of 10/(-15) + (-402)/x.
2, 11
Suppose -2*l = -270 + 58. Suppose 0 = -2*n - 0*n + l. List the prime factors of n.
53
Let y = 105 + 39. Suppose 0 = -10*l - 8*l + y. List the prime factors of l.
2
Suppose 5*v - 3*h = 3853, -4*v + 2*v + 4*h + 1544 = 0. List the prime factors of v.
2, 5, 7, 11
Suppose 6*x = s + 2*x - 94, 5*s = -2*x + 426. What are the prime factors of s?
2, 43
Let w = 50 + -113. Let d = w + 177. What are the prime factors of d?
2, 3, 19
Let a be 11/22 - (-123)/2. Let f = a - 38. List the prime factors of f.
2, 3
Suppose -a + 32 = 14. Suppose -x = a - 158. List the prime factors of x.
2, 5, 7
Let l(j) = -j**3 + 9*j**2 + 4*j - 5. Let w be l(7). Let d = -88 - -22. Let f = d + w. List the prime factors of f.
5, 11
Suppose 4*z - 5 = 7. List the prime factors of (-4)/(-1 - z)*183.
3, 61
Suppose -13*x + 3275 = -8*x + y, 3*x + y - 1965 = 0. What are the prime factors of x?
5, 131
Let u(d) = 4*d**2 + 4*d + 1. Let c be (-8 - -3)/(-5)*-5. What are the prime factors of u(c)?
3
What are the prime factors of 122*((-6)/(-4) - (21 + -20))?
61
Let g(m) = -m**2 + m + 5. Let u(b) = -b. Let n(s) = g(s) - 3*u(s). Let r be n(4). Suppose r*c + 22 = 7*c. What are the prime factors of c?
11
Suppose -10780 - 7925 = -43*f. What are the prime factors of f?
3, 5, 29
Suppose 10*u + 13*u - 18883 = 0. What are the prime factors of u?
821
Suppose 73 + 195 = 2*h. What are the prime factors of h?
2, 67
Let w = -254 - -611. What are the prime factors of w?
3, 7, 17
Let j(d) = 27*d + 1. Let h be j(4). Let k = h - 59. List the prime factors of k.
2, 5
Let v be 0/(4/(-16) + 10/8). Suppose -2*r + 5*r = 5*f + 382, -r - f + 130 = v. List the prime factors of r.
3, 43
Suppose 5*p = 3*x - 17, -x + 0*x - 2*p + 2 = 0. Suppose 5*y - 165 = -5*o, -4*y + 133 = x*o + y. Let d = o - 6. List the prime factors of d.
2, 13
Let a = -5 - -37. Let f = -7 + a. List the prime factors of f.
5
Suppose 5*k + 253 = u + k, 4*k - 269 = -u. What are the prime factors of u?
3, 29
Let q be (-4 - -2) + 20 + (1 - -2). Suppose -4*j + 876 = 196. What are the prime factors of j/7 - 6/q?
2, 3
Suppose -2*c - 410 = -2*j, -42*j - 985 = -47*j - 3*c. List the prime factors of j.
2, 5
Let u = 121 - 58. Suppose -5*k - 27 = 3*j, -5*j + 5*k - 58 = 9*k. Let h = u + j. List the prime factors of h.
7
Let j = 10 + -4. Let i be j/21 - 26/(-7). What are the prime factors of 3*i/12 - -37?
2, 19
Suppose -9 = b - 4*w, -5*b - w + 18 = -0*w. Suppose 0*d + 4*d = b*s - 1124, -3*d = -12. What are the prime factors of (-8)/6 - s/(-6)?
2, 31
Let t(d) = 1493*d - 49. List the prime factors of t(3).
2, 5, 443
Suppose -3*u = -349 + 130. Let k be (-18)/(-15)*40/16. Suppose 0 = -5*t + k*t - 3*o + u, t - 3*o - 14 = 0. List the prime factors of t.
29
Let f be 69/(-12) + 1/(-4). Let t = f - 0. What are the prime factors of t/(-6)*16*1?
2
Let q be (4/3 + -1)*15. Let h = -46 + 48. Let w = h + q. What are the prime factors of w?
7
Let j(n) = -n**3 + n**2 + 2. Let i(g) = -g**2 - 4*g - 2. Let m be i(-4). Let a be j(m). Suppose -a*v - 62 = -16*v. What are the prime factors of v?
31
Let h(t) = 271*t**3 - 6*t**2 + 11*t - 10. What are the prime factors of h(2)?
2, 7, 11
Suppose -k + 9 = 3*o, -5 = -k + o + 4. Suppose 4*z - k = z. Suppose 2*s + 2*h = 5*h - z, 2*s = -2*h + 12. What are the prime factors of s?
3
Suppose 0 = -3*p - 4*i + 1252, 0*i - 5*i + 2095 = 5*p. List the prime factors of p.
2, 53
Suppose -86*s = -76*s - 10450. What are the prime factors of s?
5, 11, 19
Suppose 0 = 27*d + 30*d - 152532. List the prime factors of d.
2, 3, 223
Let i(d) = d**3 - 6*d**2 + 3*d - 25. List the prime factors of i(9).
5, 7
Let f be 4*1/(-2)*-11. Let d = 83 - f. What are the prime factors of d?
61
Let h(s) = -2*s + 11 + 3*s**3 - 7*s - 10*s**2 - 2*s**3 + s. List the prime factors of h(11).
2, 11
Let x(g) = 3*g**2 + 9*g. Let v be x(-4). Let u(d) = d**2 + d - 12. List the prime factors of u(v).
2, 3
Let p be ((-30)/(-4))/((-24)/(-32)). Suppose -b + 6*b - p = 0. What are the prime factors of b?
2
Suppose 9*y - 3*y - 1860 = 0. List the prime factors of y.
2, 5, 31
Let v(d) = 41*d + 7. Let p(w) = 83*w + 14. Let h(u) = -4*p(u) + 7*v(u). What are the prime factors of h(-4)?
173
List the prime factors of (-4755)/(-5)*6/18.
317
Let q(l) = -l + 3. Let i be q(3). Suppose 214 + i = 2*o. List the prime factors of o.
107
Suppose -1218 + 6248 = 10*u. What are the prime factors of u?
503
Let h(s) = -s**2 + 7*s + 13. Let y be h(9). Let a be (-15)/(-5) - (-1 - y). Let v(x) = 10*x**2 + 2*x + 1. List the prime factors of v(a).
3
Let q(z) = z**3 + 14*z**2 + 2*z + 24. Let r be q(-14). Let v(j) = -3*j**3 - 3*j**2 + 9*j + 1. List the prime factors of v(r).
109
Suppose -6245 = -15*d - 2360. What are the prime factors of d?
7, 37
Let q = 15 + -11. Suppose -273 = -q*s + 59. Let f = s - 42. List the prime factors of f.
41
Suppose -33*d = -45276 - 9504. List the prime factors of d.
2, 5, 83
Let u = -19 - -11. List the prime factors of 4/u*-9*8.
2, 3
Let s(q) = 693*q + 38. List the prime factors of s(2).
2, 89
Let t = 13 + -9. Suppose -5*k - 2*b + 35 + 117 = 0, 0 = b - 1. Suppose -t*y - y + k = 0. What are the prime factors of y?
2, 3
List the prime factors of ((-13)/2 + 8)/(6/5636).
1409
Suppose 4*t = 5*t - 2. Let a be (t/3)/(23/138). Suppose 2*v - a*l = 68, -3*v - 4*l + 156 = 2*v. List the prime factors of v.
2
Let m be (-4)/(3/30*-2). Let v = m - 11. Suppose 4*w - u - 1 = 11, -v = -3*w - 4*